{"id":69,"date":"2021-04-27T18:09:32","date_gmt":"2021-04-27T16:09:32","guid":{"rendered":"http:\/\/biscuiteriedesdeux.fr\/?page_id=69"},"modified":"2025-08-24T18:02:04","modified_gmt":"2025-08-24T16:02:04","slug":"points-de-vente","status":"publish","type":"page","link":"https:\/\/biscuiteriedesdeux.fr\/index.php\/points-de-vente\/","title":{"rendered":"Points de Vente"},"content":{"rendered":"\n<div class=\"wp-block-media-text alignwide has-media-on-the-right is-stacked-on-mobile\"><figure class=\"wp-block-media-text__media\"><img loading=\"lazy\" width=\"727\" height=\"333\" src=\"http:\/\/biscuiteriedesdeux.fr\/wp-content\/uploads\/2021\/05\/test-logo.png\" alt=\"\" class=\"wp-image-136\" srcset=\"https:\/\/biscuiteriedesdeux.fr\/wp-content\/uploads\/2021\/05\/test-logo.png 727w, https:\/\/biscuiteriedesdeux.fr\/wp-content\/uploads\/2021\/05\/test-logo-300x137.png 300w, https:\/\/biscuiteriedesdeux.fr\/wp-content\/uploads\/2021\/05\/test-logo-131x60.png 131w\" sizes=\"(max-width: 727px) 100vw, 727px\" \/><\/figure><div class=\"wp-block-media-text__content\">\n<p style=\"font-size:22px\">Vous pouvez retrouver nos biscuits sucr\u00e9s et sal\u00e9s BIscr&#8217;Oc :<\/p>\n<\/div><\/div>\n\n\n\n<h2>En vente directe<\/h2>\n\n\n\n<ul><li>Au march\u00e9 de producteurs et d&#8217;artisans de Monestier de Clermont<a href=\"https:\/\/www.savoirfairetrieves.fr\/fr\/les-visites\/activite\/monestier-de-clermont-2993323\/marche-de-producteurs-locaux-5742858\/\"> <\/a>les mercredis de 15h30 \u00e0 18h30   (du 1 avril au 30 Novembre)         <\/li><li>Sur le march\u00e9 de Gresse le lundi matin en Juillet et Aout  <\/li><li>En passant par le site https:\/\/www.local.direct\/ (sur commande uniquement)                                                          <\/li><\/ul>\n\n\n\n<h2>En boutique<\/h2>\n\n\n\n<ul><li>A l&#8217;\u00e9picerie l&#8217;\u00e9pic&#8217;ethik, <strong>Vif <\/strong>en vrac<\/li><li>Au petit march\u00e9 \u00e0 <strong>Mens<\/strong> en vrac<\/li><li>A la boutique Lez&#8217;arts, <strong>Monestier de Clermont<\/strong><\/li><li>A l&#8217;\u00e9picerie des Dolomites, <strong>Gresse en Vercors<\/strong><\/li><li>A la fabrique du Tri\u00e8ves, <strong>Mens<\/strong><\/li><li>A Biocoop, <strong>Varces<\/strong> en vrac et <strong>Fontaine<\/strong> en vrac<\/li><li>A mont Vrac, <strong>Grenoble<\/strong> en vrac<\/li><\/ul>\n\n\n\n<ul><li>Mais aussi &#8230;  \u00e9picerie caf\u00e9 Chez Jeanne \u00e0 Saint <strong>Martin de la Cluze<\/strong>, \u00e9picerie Chez Julie \u00e0 <strong>Clelles<\/strong>, \u00e9picerie Locavore \u00e0 <strong>Grenoble<\/strong>, \u00e9picerie Au Local \u00e0 <strong>Grenoble<\/strong>, Cave Gramenon et compagnie \u00e0 <strong>Grenoble<\/strong>, Restaurant-\u00e9picerie Instants partag\u00e9s \u00e0 <strong>Echirolles<\/strong>, \u00e0 l&#8217;atelier boutique Perlipopette \u00e0 <strong>Clelles<\/strong>,  \u00e9picerie l&#8217;Origine<strong> au Touvet, <\/strong>boutique St Hugues <strong>de L\u00e9oncel <\/strong>et dans divers restaurants \u00e0 <strong>Gresse en Vercors<\/strong> ( Le chalet, auberge Buissonni\u00e8re et la Chicholi\u00e8re)<\/li><\/ul>\n\n\n\n<p>Vous pouvez aussi commander vos biscuits (vrac ou emball\u00e9s) et voir avec moi quand les r\u00e9cup\u00e9rer \u00e0 la biscuiterie.<\/p>\n","protected":false},"excerpt":{"rendered":"<p>Vous pouvez retrouver nos biscuits sucr\u00e9s et sal\u00e9s BIscr&#8217;Oc : En vente directe Au march\u00e9 de producteurs et d&#8217;artisans de Monestier de Clermont les mercredis de 15h30 \u00e0 18h30 (du &hellip; <\/p>\n","protected":false},"author":1,"featured_media":0,"parent":0,"menu_order":0,"comment_status":"closed","ping_status":"closed","template":"","meta":[],"_links":{"self":[{"href":"https:\/\/biscuiteriedesdeux.fr\/index.php\/wp-json\/wp\/v2\/pages\/69"}],"collection":[{"href":"https:\/\/biscuiteriedesdeux.fr\/index.php\/wp-json\/wp\/v2\/pages"}],"about":[{"href":"https:\/\/biscuiteriedesdeux.fr\/index.php\/wp-json\/wp\/v2\/types\/page"}],"author":[{"embeddable":true,"href":"https:\/\/biscuiteriedesdeux.fr\/index.php\/wp-json\/wp\/v2\/users\/1"}],"replies":[{"embeddable":true,"href":"https:\/\/biscuiteriedesdeux.fr\/index.php\/wp-json\/wp\/v2\/comments?post=69"}],"version-history":[{"count":38,"href":"https:\/\/biscuiteriedesdeux.fr\/index.php\/wp-json\/wp\/v2\/pages\/69\/revisions"}],"predecessor-version":[{"id":210,"href":"https:\/\/biscuiteriedesdeux.fr\/index.php\/wp-json\/wp\/v2\/pages\/69\/revisions\/210"}],"wp:attachment":[{"href":"https:\/\/biscuiteriedesdeux.fr\/index.php\/wp-json\/wp\/v2\/media?parent=69"}],"curies":[{"name":"wp","href":"https:\/\/api.w.org\/{rel}","templated":true}]}}